divide 422837?
False
Does 145 divide 3759422?
False
Is 214 a factor of 31805?
False
Is 125560 a multiple of 215?
True
Is 24 a factor of 12039552?
True
Is 506056 a multiple of 324?
False
Does 24 divide 155808?
True
Does 76 divide 228456?
True
Is 33544 a multiple of 5?
False
Is 178 a factor of 9256?
True
Does 174 divide 489462?
True
Does 423 divide 1151829?
True
Is 68022 a multiple of 3?
True
Is 1125894 a multiple of 33?
True
Is 27 a factor of 908793?
True
Is 76176 a multiple of 4?
True
Does 77 divide 3460977?
False
Is 23023105 a multiple of 365?
True
Is 22 a factor of 19580?
True
Does 17 divide 371270?
False
Is 137012 a multiple of 16?
False
Is 224238 a multiple of 133?
True
Does 1692 divide 4424389?
False
Is 233 a factor of 1023334?
False
Is 268872 a multiple of 17?
True
Does 6 divide 107941?
False
Does 226 divide 1653868?
True
Is 995379 even?
False
Is 27650 a multiple of 34?
False
Does 338 divide 1254318?
True
Does 171 divide 442953?
False
Is 225 a factor of 43299?
False
Does 8 divide 122852?
False
Does 22 divide 2733284?
False
Does 17 divide 2721394?
True
Is 1117380 a multiple of 12?
True
Does 15 divide 7011135?
True
Is 286 a factor of 293561?
False
Is 91 a factor of 557739?
True
Is 2277210 a multiple of 195?
True
Is 55 a factor of 11946719?
False
Is 149 a factor of 195339?
True
Is 276 a factor of 2571216?
True
Does 219 divide 112718?
False
Does 23 divide 9844345?
True
Is 91966 a multiple of 17?
False
Is 40835 a multiple of 12?
False
Does 121 divide 259083?
False
Is 133425 a multiple of 6?
False
Is 131 a factor of 15265037?
True
Does 25 divide 109448?
False
Is 133 a factor of 8252399?
False
Does 602 divide 207525?
False
Does 74 divide 653938?
True
Is 116704 a multiple of 8?
True
Is 51 a factor of 459650?
False
Is 20 a factor of 719660?
True
Does 364 divide 737423?
False
Is 5223282 a multiple of 65?
False
Does 9 divide 105608?
False
Is 136868 a multiple of 16?
False
Is 193 a factor of 126230?
False
Is 166 a factor of 129340?
False
Is 69 a factor of 903161?
False
Is 342 a factor of 215665?
False
Is 10581 a multiple of 2?
False
Is 44 a factor of 689067?
False
Is 351 a factor of 636714?
True
Is 133 a factor of 3652712?
True
Does 2 divide 81734?
True
Is 18 a factor of 574833?
False
Does 323 divide 2411195?
True
Does 76 divide 144324?
True
Does 33 divide 12234684?
True
Is 436090 a multiple of 10?
True
Is 159084 a multiple of 128?
False
Does 67 divide 78008?
False
Does 63 divide 285768?
True
Is 4502648 a multiple of 739?
False
Is 1875104 a multiple of 11?
True
Is 3 a factor of 44539?
False
Is 1101711 a multiple of 533?
True
Is 284270 a multiple of 62?
True
Does 20 divide 171158?
False
Is 725728 a multiple of 32?
True
Is 2 a factor of 121945?
False
Is 8904255 a multiple of 11?
False
Does 211 divide 2978779?
False
Does 1884 divide 14019735?
False
Is 12 a factor of 47701?
False
Does 238 divide 7312788?
True
Is 302 a factor of 138449?
False
Does 15 divide 177717?
False
Is 2929680 a multiple of 5?
True
Is 25 a factor of 83426?
False
Is 228780 a multiple of 279?
True
Does 1406 divide 2695302?
True
Is 37 a factor of 96163?
True
Is 7006508 a multiple of 1150?
False
Does 21 divide 1825135?
False
Is 190325 a multiple of 331?
True
Does 17 divide 169065?
True
Is 14263622 a multiple of 678?
False
Is 13 a factor of 537589?
True
Is 29160 a multiple of 10?
True
Is 443 a factor of 452746?
True
Does 55 divide 174082?
False
Is 95 a factor of 1356774?
False
Does 131 divide 13023889?
True
Is 48 a factor of 90672?
True
Is 2482 a factor of 7977794?
False
Is 184737 a multiple of 463?
True
Is 259 a factor of 11555?
False
Is 202643 a multiple of 4?
False
Is 107570 a multiple of 62?
True
Is 14 a factor of 11672333?
False
Is 106752 a multiple of 8?
True
Is 192976 a multiple of 56?
True
Does 157 divide 207382?
False
Is 1872990 a multiple of 35?
True
Is 4 a factor of 627792?
True
Does 21 divide 1244649?
True
Does 8 divide 971519?
False
Is 33397 a multiple of 92?
False
Is 395 a factor of 1398960?
False
Does 694 divide 194145?
False
Is 296408 a multiple of 79?
True
Is 12 a factor of 3400631?
False
Is 1306 a factor of 6343242?
True
Does 189 divide 53888?
False
Is 196 a factor of 442176?
True
Is 7211085 a multiple of 105?
True
Does 120 divide 6853?
False
Is 1930512 a multiple of 37?
True
Is 147652 a multiple of 4?
True
Does 30 divide 150840?
True
Is 420770 a multiple of 35?
True
Does 25 divide 2034900?
True
Does 73 divide 7680257?
True
Is 301655 a multiple of 5?
True
Is 503003 a multiple of 18?
False
Is 16 a factor of 59712?
True
Is 6312422 a multiple of 37?
True
Is 7 a factor of 23676?
False
Does 89 divide 3649?
True
Is 555779 a multiple of 5?
False
Is 9 a factor of 1031627?
False
Does 37 divide 28064?
False
Is 350 a factor of 292950?
True
Is 48 a factor of 2837202?
False
Is 184 a factor of 14030095?
False
Is 913321 a multiple of 282?
False
Is 29976 a multiple of 135?
False
Is 833897 a multiple of 58?
False
Is 286 a factor of 778355?
False
Is 10161525 a multiple of 166?
False
Does 320 divide 1695551?
False
Does 795 divide 2734800?
True
Does 8 divide 17680?
True
Is 323 a factor of 67184?
True
Is 17218939 a multiple of 222?
False
Does 4 divide 909?
False
Is 262 a factor of 3806860?
True
Is 15 a factor of 1653090?
True
Is 7818 a multiple of 13?
False
Does 120 divide 2864088?
False
Is 265685 a multiple of 35?
True
Is 1263670 a multiple of 125?
False
Is 46047 a multiple of 2?
False
Is 293067 a multiple of 8?
False
Does 229 divide 8317967?
True
Is 27 a factor of 2007447?
False
Is 240 a factor of 141764?
False
Does 22 divide 310638?
False
Does 16 divide 20720?
True
Is 746187 a multiple of 53?
True
Does 293 divide 81447?
False
Is 368693 a multiple of 40?
False
Is 328653 a multiple of 117?
True
Is 102060 a multiple of 567?
True
Does 20 divide 66507?
False
Is 181 a factor of 5581087?
False
Is 1421555 a multiple of 143?
False
Does 117 divide 224519?
False
Is 81 a factor of 247533?
False
Is 9 a factor of 87723?
True
Does 413 divide 1706632?
False
Is 1704726 a multiple of 5?
False
Does 422 divide 313111?
False
Is 143860 a multiple of 341?
False
Is 1866941 a multiple of 7?
False
Does 253 divide 4352293?
False
Does 33 divide 1257267?
True
Is 974 a factor of 1296394?
True
Is 256717 a multiple of 92?
False
Is 168032 a multiple of 53?
False
Is 41805 a multiple of 2?
False
Is 8660430 a multiple of 1230?
True
Does 187 divide 1034729?
False
Does 35 divide 96206?
False
Does 376 divide 397432?
True
Does 237 divide 204816?
False
Is 104087 a multiple of 91?
False
Is 12740 a multiple of 6?
False
Is 6077606 a multiple of 387?
False
Is 150014 a multiple of 107?
True
Is 49 a factor of 5147982?
False
Is 2 a factor of 564979?
False
Does 2 divide 299409?
False
Is 122 a factor of 18347458?
True
Is 1299 a factor of 2709714?
True
Is 1489292 a multiple of 23?
False
Does 14 divide 126952?
True
Is 170 a factor of 360230?
True
Is 83 a factor of 105327?
True
Does 26 divide 831996?
False
Does 59 divide 155760?
True
Is 525928 a multiple of 8?
True
Does 69 divide 48438?
True
Is 102942 a multiple of 14?
True
Is 56 a factor of 130760?
True
Is 2 a factor of 1277510?
True
Is 38 a factor of 514900?
True
Is 236118 a multiple of 177?
True
Is 155964 a multiple of 6?
True
Does 6 divide 23050?
False
Is 42 a factor of 32529?
False
Does 99 divide 3182751?
True
Is 89 a factor of 747066?
True
Does 23 divide 1847667?
False
Is 2688189 a multiple of 295?
False
Is 821 a factor of 1504893?
True
Does 67 divide 135675?
True
Is 276109 a multiple of 29?
True
Is 71769 a multiple of 13?
False
Is 1295676 a multiple of 37?
False
Does 191 divide 127397?
True
Is 8 a factor of 203378?
False
Does 72 divide 150840?
True
Is 230998 a multiple of 56?
False
Does 9 divide 853650?
True
Does 104 divide 923967?
False
Is 827667 a multiple of 41?
True
Does 122 divide 211075?
False
Does 33 divide 559680?
True
Is 5 a factor of 75236?
False
Is 4109840 a multiple of 16?
True
Does 56 divide 309904?
True
Is 15 a factor of 145710?
True
Is 72186 a multiple of 6?
True
Is 245 a factor of 81966?
False
Is 78 a factor of 28499?
False
Is 1212306 a multiple of 20?
False
Is 150020 a multiple of 10?
True
Is 32024 a multiple of 28?
False
Does 15 divide 2825940?
True
Does 22 divide 557606?
False
Is 25400 a multiple of 30?
False
Is 7 a factor of 144487?
True
Does 20 divide 47037